{"id":13,"date":"2023-04-05T13:17:29","date_gmt":"2023-04-05T13:17:29","guid":{"rendered":"https:\/\/sellyeiplebania.hu\/?page_id=13"},"modified":"2023-04-05T13:22:59","modified_gmt":"2023-04-05T13:22:59","slug":"elementor-13","status":"publish","type":"page","link":"https:\/\/sellyeiplebania.hu\/?page_id=13","title":{"rendered":"El\u00e9rhet\u0151s\u00e9gek"},"content":{"rendered":"\t\t<div data-elementor-type=\"wp-page\" data-elementor-id=\"13\" class=\"elementor elementor-13\">\n\t\t\t\t\t\t<section class=\"elementor-section elementor-top-section elementor-element elementor-element-5014c04 elementor-section-boxed elementor-section-height-default elementor-section-height-default\" data-id=\"5014c04\" data-element_type=\"section\" data-e-type=\"section\">\n\t\t\t\t\t\t<div class=\"elementor-container elementor-column-gap-default\">\n\t\t\t\t\t<div class=\"elementor-column elementor-col-100 elementor-top-column elementor-element elementor-element-86a7058\" data-id=\"86a7058\" data-element_type=\"column\" data-e-type=\"column\">\n\t\t\t<div class=\"elementor-widget-wrap elementor-element-populated\">\n\t\t\t\t\t\t<div class=\"elementor-element elementor-element-af913ca elementor-widget elementor-widget-image\" data-id=\"af913ca\" data-element_type=\"widget\" data-e-type=\"widget\" data-widget_type=\"image.default\">\n\t\t\t\t<div class=\"elementor-widget-container\">\n\t\t\t\t\t\t\t\t\t\t\t\t\t\t\t<img decoding=\"async\" width=\"147\" height=\"220\" src=\"https:\/\/sellyeiplebania.hu\/wp-content\/uploads\/2023\/04\/egri.jpg\" class=\"attachment-large size-large wp-image-15\" alt=\"\" \/>\t\t\t\t\t\t\t\t\t\t\t\t\t\t\t<\/div>\n\t\t\t\t<\/div>\n\t\t\t\t\t<\/div>\n\t\t<\/div>\n\t\t\t\t\t<\/div>\n\t\t<\/section>\n\t\t\t\t<section class=\"elementor-section elementor-top-section elementor-element elementor-element-de6e961 elementor-section-boxed elementor-section-height-default elementor-section-height-default\" data-id=\"de6e961\" data-element_type=\"section\" data-e-type=\"section\">\n\t\t\t\t\t\t<div class=\"elementor-container elementor-column-gap-default\">\n\t\t\t\t\t<div class=\"elementor-column elementor-col-100 elementor-top-column elementor-element elementor-element-66a1a28\" data-id=\"66a1a28\" data-element_type=\"column\" data-e-type=\"column\">\n\t\t\t<div class=\"elementor-widget-wrap elementor-element-populated\">\n\t\t\t\t\t\t<div class=\"elementor-element elementor-element-47bef4f elementor-widget elementor-widget-text-editor\" data-id=\"47bef4f\" data-element_type=\"widget\" data-e-type=\"widget\" data-widget_type=\"text-editor.default\">\n\t\t\t\t<div class=\"elementor-widget-container\">\n\t\t\t\t\t\t\t\t\t<h3 style=\"text-align: center;\"><span style=\"color: #000000;\"><span style=\"text-decoration: underline;\"><strong>Pl\u00e9b\u00e1nos:<\/strong><\/span> Egri J\u00f3zsef<\/span><\/h3>\t\t\t\t\t\t\t\t<\/div>\n\t\t\t\t<\/div>\n\t\t\t\t\t<\/div>\n\t\t<\/div>\n\t\t\t\t\t<\/div>\n\t\t<\/section>\n\t\t\t\t<section class=\"elementor-section elementor-top-section elementor-element elementor-element-85d6d33 elementor-section-boxed elementor-section-height-default elementor-section-height-default\" data-id=\"85d6d33\" data-element_type=\"section\" data-e-type=\"section\">\n\t\t\t\t\t\t<div class=\"elementor-container elementor-column-gap-default\">\n\t\t\t\t\t<div class=\"elementor-column elementor-col-100 elementor-top-column elementor-element elementor-element-edacaed\" data-id=\"edacaed\" data-element_type=\"column\" data-e-type=\"column\">\n\t\t\t<div class=\"elementor-widget-wrap elementor-element-populated\">\n\t\t\t\t\t\t<div class=\"elementor-element elementor-element-a44ad8c elementor-widget elementor-widget-heading\" data-id=\"a44ad8c\" data-element_type=\"widget\" data-e-type=\"widget\" data-widget_type=\"heading.default\">\n\t\t\t\t<div class=\"elementor-widget-container\">\n\t\t\t\t\t<h4 class=\"elementor-heading-title elementor-size-default\">El\u00e9rhet\u0151s\u00e9geink:<\/h4>\t\t\t\t<\/div>\n\t\t\t\t<\/div>\n\t\t\t\t\t<\/div>\n\t\t<\/div>\n\t\t\t\t\t<\/div>\n\t\t<\/section>\n\t\t\t\t<section class=\"elementor-section elementor-top-section elementor-element elementor-element-fa580e8 elementor-section-boxed elementor-section-height-default elementor-section-height-default\" data-id=\"fa580e8\" data-element_type=\"section\" data-e-type=\"section\">\n\t\t\t\t\t\t<div class=\"elementor-container elementor-column-gap-default\">\n\t\t\t\t\t<div class=\"elementor-column elementor-col-100 elementor-top-column elementor-element elementor-element-944e919\" data-id=\"944e919\" data-element_type=\"column\" data-e-type=\"column\">\n\t\t\t<div class=\"elementor-widget-wrap elementor-element-populated\">\n\t\t\t\t\t\t<div class=\"elementor-element elementor-element-7a97967 elementor-widget elementor-widget-text-editor\" data-id=\"7a97967\" data-element_type=\"widget\" data-e-type=\"widget\" data-widget_type=\"text-editor.default\">\n\t\t\t\t<div class=\"elementor-widget-container\">\n\t\t\t\t\t\t\t\t\t<p style=\"text-align: center;\"><span style=\"text-decoration: underline;\"><strong><span style=\"color: #000000; text-decoration: underline;\"><span class=\"contactCompany\">Sellyei R\u00f3mai Katolikus Pl\u00e9b\u00e1nia<\/span>\u00a0<\/span><\/strong><\/span><\/p><p style=\"text-align: center;\"><span style=\"color: #000000;\"><span class=\"contactAddress\"><span style=\"text-decoration: underline;\"><strong>C\u00edm:<\/strong><\/span> 7960 Sellye, Batthy\u00e1ny u. 2.<\/span>\u00a0<\/span><\/p><p style=\"text-align: center;\"><span class=\"contactPhone\" style=\"color: #000000;\"><span style=\"text-decoration: underline;\"><strong>Telefonsz\u00e1m:<\/strong><\/span> (73) 480-314<\/span><\/p><p style=\"text-align: center;\"><span style=\"color: #000000;\"><span style=\"text-decoration: underline;\"><strong>Email:<\/strong><\/span> <span style=\"color: #000080;\"><em><span class=\"contactEmail\"><a style=\"color: #000080;\" href=\"mailto:sellyeiromkat1913@gmail.com;%20egri.j@last-mile.hu\">sellyeiromkat1913@gmail.com<\/a><\/span><\/em><\/span><\/span><\/p><p style=\"text-align: center;\"><span style=\"color: #000080;\"><em><span class=\"contactEmail\"><a style=\"color: #000080;\" href=\"mailto:sellyeiromkat1913@gmail.com;%20egri.j@last-mile.hu\"> egri.j@last-mile.hu<\/a><\/span><\/em><\/span><br \/><br \/><br \/><\/p>\t\t\t\t\t\t\t\t<\/div>\n\t\t\t\t<\/div>\n\t\t\t\t\t<\/div>\n\t\t<\/div>\n\t\t\t\t\t<\/div>\n\t\t<\/section>\n\t\t\t\t<\/div>\n\t\t","protected":false},"excerpt":{"rendered":"<p>Pl\u00e9b\u00e1nos: Egri J\u00f3zsef El\u00e9rhet\u0151s\u00e9geink: Sellyei R\u00f3mai Katolikus Pl\u00e9b\u00e1nia&nbsp; C\u00edm: 7960 Sellye, Batthy\u00e1ny u. 2.&nbsp; Telefonsz\u00e1m: (73) 480-314 Email: sellyeiromkat1913@gmail.com egri.j@last-mile.hu<\/p>\n","protected":false},"author":1,"featured_media":0,"parent":0,"menu_order":0,"comment_status":"closed","ping_status":"closed","template":"","meta":{"footnotes":""},"class_list":["post-13","page","type-page","status-publish","hentry"],"_links":{"self":[{"href":"https:\/\/sellyeiplebania.hu\/index.php?rest_route=\/wp\/v2\/pages\/13","targetHints":{"allow":["GET"]}}],"collection":[{"href":"https:\/\/sellyeiplebania.hu\/index.php?rest_route=\/wp\/v2\/pages"}],"about":[{"href":"https:\/\/sellyeiplebania.hu\/index.php?rest_route=\/wp\/v2\/types\/page"}],"author":[{"embeddable":true,"href":"https:\/\/sellyeiplebania.hu\/index.php?rest_route=\/wp\/v2\/users\/1"}],"replies":[{"embeddable":true,"href":"https:\/\/sellyeiplebania.hu\/index.php?rest_route=%2Fwp%2Fv2%2Fcomments&post=13"}],"version-history":[{"count":5,"href":"https:\/\/sellyeiplebania.hu\/index.php?rest_route=\/wp\/v2\/pages\/13\/revisions"}],"predecessor-version":[{"id":19,"href":"https:\/\/sellyeiplebania.hu\/index.php?rest_route=\/wp\/v2\/pages\/13\/revisions\/19"}],"wp:attachment":[{"href":"https:\/\/sellyeiplebania.hu\/index.php?rest_route=%2Fwp%2Fv2%2Fmedia&parent=13"}],"curies":[{"name":"wp","href":"https:\/\/api.w.org\/{rel}","templated":true}]}}